 20 divide 68143300?
True
Is 85 a factor of 57144940?
False
Is 11 a factor of 10780853?
False
Is 28945282 a multiple of 17?
False
Is 910445877 a multiple of 4059?
True
Does 1234 divide 501700?
False
Is 16 a factor of 545572323?
False
Is 163 a factor of 875813181?
True
Is 194 a factor of 14149913?
False
Is 998 a factor of 2847857870?
True
Is 5 a factor of 1380208548?
False
Does 1413 divide 194465538?
True
Is 1503884531 a multiple of 140?
False
Is 29943552 a multiple of 127?
True
Is 24 a factor of 894667968?
True
Is 37 a factor of 521475151?
True
Does 4 divide 67489844?
True
Is 5168966595 a multiple of 1636?
False
Does 502 divide 601486059?
False
Does 36 divide 52357904?
False
Is 4041702002 a multiple of 874?
True
Does 1340 divide 125080960?
True
Is 20455443 a multiple of 118?
False
Is 1739 a factor of 2107902765?
True
Does 159 divide 15818115?
True
Is 556144080 a multiple of 2676?
False
Is 79 a factor of 2572047714?
True
Is 2975 a factor of 50356810?
False
Is 343217430 a multiple of 44?
False
Is 1511 a factor of 218998296?
True
Does 1210 divide 480094120?
True
Is 175 a factor of 8505329?
False
Is 44 a factor of 86453928?
True
Is 260061212 a multiple of 799?
False
Does 1290 divide 370201620?
True
Is 8069136 a multiple of 8?
True
Does 26 divide 5914425635?
False
Does 485 divide 70300?
False
Is 426 a factor of 224170251?
False
Is 9202541 a multiple of 5874?
False
Is 999262326 a multiple of 12?
False
Does 13 divide 267095224?
False
Is 13 a factor of 602358322?
False
Is 1147980897 a multiple of 443?
True
Does 20 divide 30447880?
True
Is 882796962 a multiple of 48?
False
Does 11 divide 2805008085?
True
Does 1413 divide 104324616?
True
Is 1349069225 a multiple of 3479?
True
Does 811 divide 464571618?
True
Is 167 a factor of 516958504?
False
Does 428 divide 1694668886?
False
Is 940 a factor of 20253631?
False
Does 4 divide 68547590?
False
Does 377 divide 30420884?
True
Is 116 a factor of 3937485788?
True
Does 143 divide 817908089?
False
Is 117 a factor of 32773856?
False
Does 654 divide 28520286?
True
Does 108 divide 158280713?
False
Does 619 divide 344526517?
False
Does 4478 divide 5391512?
True
Is 17870763 a multiple of 170?
False
Is 1448 a factor of 29414672?
True
Is 65980980 a multiple of 405?
True
Is 667474347 a multiple of 37?
False
Does 91 divide 324428468?
True
Is 8 a factor of 868996320?
True
Does 13 divide 7067502?
True
Is 532493568 a multiple of 36?
True
Does 4790 divide 245616830?
True
Is 1312 a factor of 279835168?
True
Is 60 a factor of 69047340?
True
Is 420205597 a multiple of 7?
True
Does 4 divide 45317188?
True
Is 251419349 a multiple of 618?
False
Does 446 divide 25719928?
True
Does 43 divide 1212378387?
False
Is 3189 a factor of 131584518?
True
Is 17239260 a multiple of 10?
True
Does 23 divide 54282490?
False
Does 3422 divide 320829115?
False
Is 5032287 a multiple of 13?
True
Does 6 divide 880884?
True
Is 27 a factor of 10833264?
True
Is 350949040 a multiple of 65?
True
Does 1955 divide 85632613?
False
Is 1030 a factor of 197405680?
True
Is 552 a factor of 244405011?
False
Is 87 a factor of 184176825?
True
Is 138 a factor of 285618186?
True
Is 36 a factor of 18055115?
False
Does 7157 divide 4925239847?
True
Is 1184 a factor of 183495136?
True
Does 580 divide 516771847?
False
Is 19827081 a multiple of 185?
False
Is 15254028 a multiple of 18?
True
Is 5 a factor of 570064?
False
Does 6 divide 259856190?
True
Does 1964 divide 1043812972?
True
Does 11 divide 415670605?
False
Is 10 a factor of 84883?
False
Is 182 a factor of 32281158?
True
Is 43363456 a multiple of 1552?
False
Does 217 divide 561110354?
True
Is 278280616 a multiple of 14?
False
Is 2281 a factor of 2947715508?
False
Is 415820180 a multiple of 862?
True
Is 842 a factor of 540240496?
False
Does 1907 divide 1181054146?
False
Is 184 a factor of 24400608?
True
Is 741 a factor of 44979311?
False
Is 1897 a factor of 561189510?
True
Is 19728290 a multiple of 1417?
False
Does 22 divide 346863893?
False
Does 73 divide 30070670?
False
Does 527 divide 1278192876?
False
Is 32 a factor of 6428712?
False
Is 287 a factor of 98739770?
False
Is 5 a factor of 83429135?
True
Does 11 divide 334843993?
True
Is 8 a factor of 77452712?
True
Does 447 divide 112151406?
True
Is 42527100 a multiple of 30?
True
Is 213490150 a multiple of 10?
True
Does 209 divide 190094149?
False
Is 168 a factor of 4676606?
False
Does 762 divide 559455066?
True
Is 2 a factor of 2813264?
True
Is 13 a factor of 4211571?
True
Is 324658145 a multiple of 35?
True
Is 105 a factor of 320150745?
False
Is 111475416 a multiple of 39?
True
Is 1183 a factor of 47620848?
False
Is 182 a factor of 4863495364?
True
Is 1315 a factor of 1327439930?
False
Is 27023403 a multiple of 33?
True
Is 716 a factor of 18108356?
True
Does 15 divide 14653559?
False
Is 82 a factor of 128882270?
True
Is 18957928 a multiple of 422?
True
Is 26 a factor of 4525378?
True
Is 958586261 a multiple of 958?
False
Does 382 divide 29717308?
True
Does 35 divide 6493667?
False
Does 80 divide 2519473440?
True
Is 25025902 a multiple of 47?
True
Does 428 divide 8231296?
True
Is 1815 a factor of 1690889028?
False
Is 1542335256 a multiple of 22?
True
Does 3805 divide 396458170?
True
Is 70 a factor of 8316457?
False
Does 2619 divide 1807932145?
False
Does 2380 divide 29516760?
True
Is 10 a factor of 34991578?
False
Does 12 divide 39278376?
True
Does 3 divide 1235647063?
False
Does 28 divide 13653529?
False
Is 4 a factor of 572102529?
False
Is 209222510 a multiple of 720?
False
Is 29128296 a multiple of 29?
True
Is 250 a factor of 946513000?
True
Is 835 a factor of 593490445?
True
Is 7 a factor of 411649?
True
Is 82 a factor of 8547270?
True
Is 217 a factor of 4057460810?
False
Is 97 a factor of 295955633?
True
Is 1807179744 a multiple of 96?
True
Is 1673220 a multiple of 4?
True
Is 1085 a factor of 144984370?
False
Does 560 divide 393102957?
False
Is 1121 a factor of 9180286?
False
Is 161 a factor of 27989964?
False
Is 596 a factor of 297808583?
False
Does 96 divide 26604416?
False
Is 74368020 a multiple of 730?
True
Is 237 a factor of 527965136?
False
Is 4048458585 a multiple of 67?
True
Does 17 divide 89394850?
False
Is 14 a factor of 752467450?
True
Does 17 divide 13730030?
False
Is 209 a factor of 370924515?
False
Is 10 a factor of 412854?
False
Does 1156 divide 1665641096?
True
Does 11 divide 1203822079?
False
Is 13 a factor of 1817085205?
True
Does 487 divide 66581666?
True
Is 31274671 a multiple of 415?
False
Is 100604277 a multiple of 2001?
True
Does 364 divide 127709764?
True
Is 41 a factor of 34046826?
False
Does 1195 divide 62202140?
True
Does 4540 divide 2664362884?
False
Is 2308 a factor of 90577460?
True
Does 12 divide 52146225?
False
Is 61 a factor of 170700303?
False
Is 4201806 even?
True
Is 230708905 a multiple of 12?
False
Is 12852746 a multiple of 21?
False
Is 1467 a factor of 50589495?
True
Is 15835832 a multiple of 388?
True
Is 2358 a factor of 43948404?
True
Is 260159674 a multiple of 6431?
True
Is 169 a factor of 2631727980?
False
Is 7387784 a multiple of 92?
True
Is 87394137 a multiple of 218?
False
Is 189 a factor of 19306917?
True
Is 1688320235 a multiple of 30?
False
Does 105 divide 1464646275?
False
Is 128892037 a multiple of 8?
False
Is 321 a factor of 454818311?
False
Does 8474 divide 3278887190?
True
Is 18270211 a multiple of 332?
False
Is 1121505174 a multiple of 33?
False
Is 174632400 a multiple of 60?
True
Is 66699592 a multiple of 1864?
False
Is 1772 a factor of 37229720?
True
Is 11 a factor of 24352863?
False
Is 131 a factor of 2621834?
True
Is 7 a factor of 65662611?
True
Is 189 a factor of 35042868?
True
Is 44 a factor of 169710816?
True
Is 781530960 a multiple of 21?
True
Is 1276 a factor of 39489477?
False
Does 43 divide 162565542?
True
Is 894 a factor of 355788416?
False
Does 506 divide 270166997?
False
Is 9 a factor of 31190310?
True
Is 16 a factor of 404396528?
True
Is 153833210 a multiple of 2057?
False
Is 145 a factor of 71461?
False
Does 126 divide 134918028?
True
Is 266996203 a multiple of 253?
False
Is 1351466551 a multiple of 1061?
False
Does 5 divide 101806231?
False
Is 322 a factor of 14799473?
False
Is 9 a factor of 71382933?
True
Is 44 a factor of 5923588?
True
Is 1186 a factor of 18404348?
True
Does 9 divide 3962